0
Convert 2d3a69 (base 14) to base 3.
2222112200100
344741 (base 10) to base 4
1110022211
2110113230 (base 4) to base 9
1125568
What is 10664344 (base 9) in base 3?
100202011101111
Convert 11221122212121 (base 3) to base 9.
4848777
What is -39a67 (base 12) in base 11?
-54622
-99231a (base 11) to base 5
-401144044
What is -156bea (base 15) in base 5?
-231113240
What is 15779d (base 14) in base 6?
24031035
Convert -245469 (base 13) to base 15.
-122553
-202111011220 (base 3) to base 13
-111729
What is c78651 (base 13) in base 8?
21651063
1b2de2 (base 15) to base 16
143c39
-311110 (base 8) to base 16
-19248
11446332 (base 8) to base 14
494a4a
-23025426 (base 7) to base 2
-111101001111011101110
What is 134301030 (base 5) in base 6?
22534531
Convert 666a (base 13) to base 4.
3133030
10110001000001110111110 (base 2) to base 15
798bb4
80c35a (base 14) to base 4
100202220330
Convert -8867543 (base 10) to base 15.
-ba2648
-30c76b (base 13) to base 8
-4265413
-11213332111 (base 4) to base 2
-101100111111110010101
What is -5223545 (base 6) in base 14?
-67d21
270265 (base 8) to base 4
113002311
Convert 48ff8 (base 16) to base 3.
120012011002
Convert 100102220012222 (base 3) to base 15.
69185e
217381 (base 9) to base 16
1fc1e
-138b3 (base 14) to base 7
-261013
-40ac4a (base 14) to base 8
-10244042
127633 (base 16) to base 2
100100111011000110011
What is -1010001111100011111 (base 2) in base 10?
-335647
2bbc78 (base 16) to base 4
22323301320
Convert -78145 (base 9) to base 6.
-1040105
-16d1a3d (base 14) to base 4
-222331023213
Convert -24423373 (base 8) to base 4.
-110202123323
-225146 (base 7) to base 12
-1b332
What is 12b17 (base 16) in base 4?
102230113
-221022012010 (base 3) to base 15
-9c880
196908 (base 10) to base 8
600454
Convert -34222223 (base 5) to base 13.
-a88b7
What is 105223333 (base 6) in base 5?
443304232
Convert -226630 (base 8) to base 3.
-10220220120
Convert -603c26 (base 16) to base 4.
-120003300212
Convert -12220767 (base 8) to base 4.
-22102013313
What is -441433013 (base 5) in base 12?
-77a79b
What is 100021222202 (base 3) in base 16?
2cabc
Convert 68d28 (base 15) to base 3.
121221202202
Convert 425c2b (base 16) to base 12.
1558923
Convert 740346 (base 9) to base 5.
103033442
What is 3321143124 (base 5) in base 14?
d59364
1004778 (base 9) to base 12
21972b
-b1615 (base 12) to base 15
-48555
Convert -310021103301 (base 4) to base 14.
-1b5b8d3
10010110011111100111100 (base 2) to base 11
2869030
1403432 (base 7) to base 5
21424000
Convert -214281 (base 12) to base 7.
-4316434
What is a4dc7 (base 15) in base 7?
4305244
-341715 (base 9) to base 13
-72233
What is 1011111111110011000011 (base 2) in base 14?
5bc159
Convert -407b4 (base 15) to base 4.
-301313110
-234023023 (base 6) to base 16
-42f837
Convert -410021232 (base 5) to base 12.
-67232b
-1100101000100000 (base 2) to base 7
-303600
44d87 (base 16) to base 13
9b478
Convert 7dcaa (base 14) to base 4.
1022332032
Convert 34243033 (base 5) to base 11.
199a09
What is 1604842 (base 10) in base 3?
10000112102121
What is -411030 (base 6) in base 3?
-1122202200
12926 (base 12) to base 16
63ae
Convert -26757006 (base 8) to base 10.
-6020614
-415501 (base 7) to base 2
-10001011110100110
1100011111100 (base 2) to base 16
18fc
What is 1d22c (base 14) in base 10?
74520
5e5 (base 15) to base 16
53c
1221046 (base 7) to base 12
7664a
Convert -45331044 (base 6) to base 11.
-8631a6
Convert -265d5 (base 16) to base 7.
-1223065
What is cae74 (base 15) in base 8?
2352635
305634 (base 8) to base 10
101276
10221001110 (base 3) to base 10
77313
Convert 25d58 (base 16) to base 3.
21212120120
Convert -140505215 (base 6) to base 2.
-1010110101001101101011
Convert 658162 (base 11) to base 6.
34302420
What is -1711983 (base 10) in base 16?
-1a1f6f
Convert 101000111110001011 (base 2) to base 12.
8114b
Convert -3eea4 (base 16) to base 8.
-767244
-418508 (base 13) to base 7
-16010642
What is -101311332221 (base 4) in base 12?
-1696ab5
Convert -26611351 (base 7) to base 5.
-1112103444
Convert -110202011212 (base 3) to base 10.
-250907
Convert 3426206 (base 7) to base 12.
18722b
-1ee95e (base 15) to base 3
-2212002121022
What is -3541125 (base 8) in base 4?
-3230021111
Convert -52def (base 16) to base 6.
-11135251
What is -a9dc4e (base 16) in base 13?
-23c9b94
620449 (base 10) to base 2
10010111011110100001
What is 2942104 (base 11) in base 3?
100111202200200
108358 (base 9) to base 2
1111111010011001
1100221220 (base 3) to base 11
19274
Convert 2055232 (base 6) to base 7.
600233
-358301 (base 16) to base 8
-15301401
2310220300 (base 4) to base 16
b4a30
Convert -10111011010001111011 (base 2) to base 7.
-6343304
-18853 (base 13) to base 3
-2102020101
What is -11113121323 (base 4) in base 12?
-579bb7
Convert -2341302 (base 5) to base 10.
-43327
What is 11205506 (base 7) in base 13?
282794
What is 27276a (base 15) in base 6?
104154514
What is -301332033 (base 4) in base 7?
-1511520
What is -101111100011010110000 (base 2) in base 15?
-20ba47
Convert 505778 (base 10) to base 9.
850715
13311112123 (base 4) to base 11
1182937
What is 24ade3 (base 15) in base 13?
497325
7a491a (base 12) to base 11
11176a8
-110032031 (base 4) to base 11
-5725a
-1101010010101111101110 (base 2) to base 6
-202404354
Convert 196908 (base 13) to base 2.
10011100111111101101
What is -1221211212 (base 3) in base 2?
-1001011001111101
What is 7354b (base 12) in base 4?
210321023
-1313245242 (base 6) to base 13
-32b9841
What is -230135 (base 8) in base 14?
-20577
-a6837 (base 11) to base 13
-55972
What is 162512 (base 7) in base 10?
32153
What is -74de7 (base 15) in base 7?
-3103453
Convert -3804045 (base 9) to base 3.
-10220011001112
What is -56451 (base 16) in base 9?
-587643
Convert 6961878 (base 11) to base 6.
1112454115
-23243113 (base 5) to base 2
-110011110100111011
Convert -342d7 (base 14) to base 11.
-872a8
Convert -2320414 (base 5) to base 12.
-20368
What is -20222220100010 (base 3) in base 6?
-211405350
Convert 2490a64 (base 11) to base 8.
20366167
54354532 (base 6) to base 8
6126430
What is -121245125 (base 6) in base 7?
-25421621
-11110101001101001101 (base 2) to base 16
-f534d
What is 14851a8 (base 11) in base 5?
1122233122
51621053 (base 7) to base 3
22011120021012
Convert 2594182 (base 12) to base 13.
16c597a
What is -217f7d (base 16) in base 14?
-41208d
What is 100300223111 (base 4) in base 14?
8252a9
Convert -4622 (base 11) to base 7.
-23465
Convert 1000000010001011111010001 (base 2) to base 11.
9568876
Convert -1122221220 (base 3) to base 16.
-8007
What is -137c (base 14) in base 9?
-4644
Convert -6ac32 (base 14) to base 12.
-1067a4
Convert 120513452 (base 7) to base 9.
15100442
Convert 1944a (base 13) to base 5.
3032242
-149910 (base 11) to base 9
-384168
Convert -d02f9 (base 16) to base 5.
-204241404
What is 20211211210010 (base 3) in base 11?
2065548
What is 2a5225 (base 13) in base 11?
650036
What is 6b063 (base 16) in base 6?
13221255
Convert -895fc (base 16) to base 13.
-169165
-252434 (base 9) to base 13
-54685
What is -3364551 (base 7) in base 10?
-419427
What is 13404 (base 5) in base 7?
3135
Convert 124011 (base 5) to base 9.
6623
What is -11344 (base 10) in base 3?
-120120011
What is -1011301442 (base 5) in base 3?
-10212110222120
What is -2121200011110 (base 3) in base 12?
-571010
Convert 341424301 (base 5) to base 16.
171b56
Convert 46900e (base 15) to base 14.
63aa35
What is -5a8359 (base 11) in base 2?
-11101011000010110100
What is -111163 (base 8) in base 6?
-445323
Convert 101021001120111 (base 3) to base 6.
312514534
Convert -bc375 (base 14) to base 13.
-12c84c
-1210203200 (base 4) to base 14
-aa156
-23311414 (base 5) to base 2
-110100000101101111
-2407b (base 13) to base 8
-200734
-323217 (base 8) to base 6
-2152451
Convert -63772 (base 10) to base 4.
-33210130
Convert -74501336 (base 8) to base 5.
-13032040324
-10132210020 (base 4) to base 3
-2012122002220
-73590 (base 11) to base 10
-107184
Convert -37600 (base 13) to base 10.
-102076
Convert 202330 (base 9) to base 3.
20002101000
What is 1958226 (base 10) in base 2?
111011110000101010010
What is -520204005 (base 6) in base 5?
-4244134443
What is -335424 (base 12) in base 5?
-202133243
What is -5b8433 (base 14) in base 10?
-3134477
15368a0 (base 12) to base 13